g. Let v(z) = -z**3 - 2*z**2 - 3*z. Calculate v(s).
6
Suppose 4*y = 4*f, -2*y = y - 6. Let g(t) = -t**3 - 7*t**f + 1 - 1 - t + 3*t**2. Give g(-4).
4
Let f(q) = 4*q**3 - 1. Let c be (-33)/11 - (-4 - 0). Give f(c).
3
Let l(k) = -3*k - 3. Let o = -27 - -23. What is l(o)?
9
Let h(m) = m**2 + 9*m + 10. Let l = 7 - 14. Let x be h(l). Let n(t) = t**2 + 5*t - 2. Give n(x).
-6
Let o(w) = -5*w**2 + 12*w - 3. Let g(i) = 6*i**2 - 13*i + 4. Let d = -1 - -17. Let f be (-36)/d*16/6. Let r(v) = f*g(v) - 7*o(v). Determine r(-5).
2
Let m(f) = f**3 + f**2 + f - 7. Suppose 8 = c + 4*c - 4*u, 8 = -4*u. Determine m(c).
-7
Let r(l) = l**3 + 6*l**2 - 2*l - 6. Let g = 19 + -25. Give r(g).
6
Let p(v) = 4*v. Suppose 4*d + 5*u + 0 = -5, -d + u - 8 = 0. Let i be (-84)/(-10) + 2/d. Suppose 0 = -3*t + 3*k + 15, 0*t - 4*k = 2*t + i. Determine p(t).
8
Let m(n) = 3. Let z(r) = -7*r + 16. Let x(p) = 5*m(p) - z(p). Suppose y + 6 = -2*b + 4*b, 0 = -5*y - 20. Determine x(b).
6
Let a(m) = 2*m**2 + 4*m. Let d be ((-1)/(-1)*-3)/1. Calculate a(d).
6
Let q(z) = -z**3 - z**2 + z + 5. Let j(p) = -p + 5. Let n be j(3). Let x(t) = t**3 - 5*t**2 - 5*t - 6. Let b be x(6). Suppose b*g = -n*g. What is q(g)?
5
Let l(n) = n - 2*n - 3*n + 5*n. Give l(-6).
-6
Let y be (-20)/5*(-3)/4. Suppose -5*t - 2*w = 3, -2*w - 6 = -y*t + 5. Let k(a) = -7*a**3 - a + 1. Determine k(t).
-7
Let l(g) = g**2 + 4*g. Let s be 1 + 32/(-4) + 1. Determine l(s).
12
Suppose -4*z - 15 = -p, -2*p - 2*p + 21 = -3*z. Let n(g) = 2*g - p*g + 0*g + 1. Calculate n(-4).
5
Let h(n) = n**2 - 16 - n - 17 + 32 + 5*n**3. Let z = 5 - 2. Suppose z*p = -p - 4. Give h(p).
-4
Let r(p) = 5*p**3 + 5*p**2 - 11*p. Let y(g) = 6*g**3 + 5*g**2 - 12*g. Let d(q) = -5*r(q) + 4*y(q). Suppose -17*i = -12*i + 30. Determine d(i).
-6
Let t(h) = -h**2 + 7*h - 3. Let v be ((-1)/2)/(3/(-18)). What is t(v)?
9
Let n(l) = 23*l - 23*l - 9*l. Determine n(1).
-9
Let c be -1 + 1 + 0 - -1. Suppose m + z - 8 = c, 0 = 3*m - 2*z - 7. Let p(f) = -f**2 + 1. Let l(o) = -2*o**2 - 4*o - 3. Let i(v) = -l(v) + 3*p(v). What is i(m)?
1
Let b(h) = -2*h**3 + h + 1. Let k(u) = -u**2 - 1. Let y be k(0). Determine b(y).
2
Let s(q) = -q**2 - 2*q + 31. Let m be s(-7). Let i(p) = -p**2 - p + 3. What is i(m)?
-9
Let x(n) = 1 + 7*n + 4*n - 6*n. Calculate x(-1).
-4
Let t(m) = -m**2 - m - 7. Suppose 0*r = 6*r. Calculate t(r).
-7
Suppose -5*t + 28 = 18. Let j(l) = -l**3 - l**2 - l - 2. Calculate j(t).
-16
Let c(q) be the third derivative of -3*q**2 + 1/60*q**5 + 0 - 1/3*q**3 + 0*q + 1/4*q**4. Calculate c(-5).
-7
Let b be (-2)/3*3/(-2). Let f(p) = -p. Let q be f(b). Let h(o) = o**3 - o - 1. Let u be h(q). Let s(y) = -y. What is s(u)?
1
Let m(r) = -5*r - 4*r + 5*r - 2. What is m(-2)?
6
Suppose -j = -5*c - 6, 2 = -4*c + 2*j - 4*j. Let m(x) = -3*x**3 + x**2 + 2*x + 1. Let q be m(c). Let t(i) = -3 - 3*i + q*i + i. Determine t(4).
1
Let j(h) be the second derivative of h**6/360 - h**5/20 + h**4/8 - h**3/2 + h. Let i(a) be the second derivative of j(a). Let t be 2 - -4 - (3 + -1). Give i(t).
-5
Suppose 4*w - 6 = 54. Suppose -5*q + 10 = -w. Suppose 7 = 3*t - a - q, 0 = 4*a. Let y(b) = -b**3 + 3*b**2 + 2*b + 2. What is y(t)?
-6
Suppose 13 - 3 = 5*l. Let m = -2 - -5. Let h(i) = -i**2 + m*i**l - i**2 - 5*i - 7. Determine h(5).
-7
Let g(h) = 174*h + 3*h**2 - 175*h - 2*h**2 + 5. Determine g(0).
5
Let v = -5 - -6. Let h(j) = -5*j**2 + j - 1. Let g be h(v). Let f(d) = -d**3 - 6*d**2 - 6*d - 2. Let u be f(g). Let y(n) = -n + 3. Calculate y(u).
0
Let j(b) be the third derivative of b**2 + 0*b + 0 + 1/60*b**5 + 1/24*b**4 + 0*b**3 + 1/24*b**6. Let p be 1 - (-2 - -1 - -3). What is j(p)?
-5
Suppose 3*h + 15 = -2*h. Let y(o) = 2*o - 1. Calculate y(h).
-7
Let i(q) = -4 + 7 - 2*q - 3 + 2. What is i(-2)?
6
Let d(r) = r**2 + 8*r + 7. Suppose -2*x = -2*a - 16, -14 = 4*a + 2*x + 3*x. What is d(a)?
-5
Let h(n) = -16*n**2 - n + 26. Let s(v) = 7*v**2 - 12. Let x(o) = -3*h(o) - 7*s(o). Suppose 19 = 5*t + 2*g, 20 = 3*t - 2*t - 5*g. Give x(t).
-4
Let b(x) = -5*x + x + 3*x - 9. Let h(s) = -s - 4. Let m be h(2). Let l be 9/27 - (-2)/m. What is b(l)?
-9
Let y(u) = u**3 - 2*u**2 - u - 2. Suppose -5*c + 14 = 2*o - o, -12 = -3*o. Let g be ((-15)/(-6) - c)*-4. Let x be g + 0 + (3 - -2). Give y(x).
4
Let h(p) = -p**2 - 2*p + 2. Let r = -60 + 101. Suppose -4*c - 5*k - r = -0*c, 5 = -5*c + 3*k. Give h(c).
-6
Let d(i) = -27*i**2 + 7*i. Let f(b) = 3*b + 3*b**2 - 3*b**2 - 13*b**2. Let a(v) = 4*d(v) - 9*f(v). Calculate a(-1).
8
Let g(o) = -o**2 - o - 1. Let y(t) = t**2 + 2. Let z(i) = 2*g(i) + y(i). What is z(-2)?
0
Let t = 3 + -1. Suppose -t*g + 4*k = -18, -3 = 4*k + 9. Let h(y) = g*y**3 - 2 + 2*y + 0 - 4*y**3 + 3. What is h(2)?
-3
Let d be (-226)/40 - -3 - (1 + -4). Let z(k) be the second derivative of 0 + d*k**5 + 0*k**3 + 3*k + 1/12*k**4 - 1/2*k**2. Calculate z(1).
7
Let c(k) = 9*k**2 + 4*k. Let z(y) = -y**2 - y. Let p(i) = -c(i) - 6*z(i). Give p(2).
-8
Let d = 5 + -3. Let n be (2 - (d - 0)) + 2. Let s(l) = -n - 3 - 3 - 2*l. Give s(-6).
4
Let b(s) = -s**2 + 3*s - 2. Let i be (28/(-16))/(2/(-8)). Let l(n) = n**2 - 8*n + 10. Let a be l(i). Suppose -5 = a*f - 17. Give b(f).
-6
Let l(f) = 2*f - 1. Let a(m) = m**3 - 9*m**2 + 10*m - 6. Let t be a(8). Suppose -r + 6*r = -t. Calculate l(r).
-5
Suppose -3*o = -6*o + 6. Let a(s) = 5*s + 1. Determine a(o).
11
Let y(c) = 4*c**2 - 1 + 3 + 2*c - 8*c + c**3 - 1. Suppose 0*l = -l - 5. Calculate y(l).
6
Let l(x) be the first derivative of -1/4*x**4 - 4*x + 2*x**3 + 2 + 1/2*x**2. What is l(6)?
2
Let t(c) be the first derivative of 5*c**3/3 + c**2/2 + c + 1. Calculate t(-1).
5
Suppose -8 = -2*r - 10. Let o(z) = -10*z + 1. What is o(r)?
11
Let l(w) be the second derivative of -w**5/60 - w**4/24 - w**3/2 + 2*w. Let g(n) be the second derivative of l(n). Determine g(3).
-7
Let a(m) = -m + 9. Suppose v - 2 = -0. Suppose -2*p + 5*x = -5*p, v*p = 5*x. Calculate a(p).
9
Let o(a) = -a**3 + 4*a**2 + 2*a - 4. Let h be o(4). Suppose 2 = -3*w + 2*f, 7*w - h*w - 4*f + 10 = 0. Let p(n) = -n - n**2 + w*n**2 - 3 - 5*n. Determine p(5).
-8
Let p(a) be the second derivative of -a**5/20 - a**4/3 + a**2 + 15*a. Calculate p(-2).
-6
Let t(w) = -w. Let r be -2 + 0 + 1 + 1. Let h be 2/((-2)/(r - 2)). Determine t(h).
-2
Let c(q) = -7*q**3 + q**2 - 1. Let x(j) = j**3 - 2*j**2 - 3*j + 1. Let t = 1 + 2. Let d be x(t). What is c(d)?
-7
Let y(g) = -9*g**2 + g. Suppose -3*h = -h - 6. Let x be 3 + 0/h - 2. Give y(x).
-8
Let y(r) = -r**3 - 3*r**2 + 3*r + 3. Let q = -24 - -20. Calculate y(q).
7
Let j(u) = 3*u - 2. Suppose -7 = -5*v + 8. Calculate j(v).
7
Let j(v) be the second derivative of v**3/3 + v**2 + 3*v. Let q(u) = -u - 1. Let n(r) = -6*j(r) - 13*q(r). Determine n(-3).
-2
Let a(r) = 2*r**3 - r**2 - r - 1. Let d(s) = -s. Suppose 0 = -5*q - 2*t - 84, -3*q - 4*t = 35 + 7. Let i be 8/6 - (-6)/q. Let g be d(i). Give a(g).
-3
Suppose 0*n + w = 2*n - 19, -n = 5*w - 4. Let c be (-4)/(-14) + 90/(-21). Let b = n + c. Let z(g) = -g**2 + 4*g + 4. What is z(b)?
-1
Let a(p) = 31*p**2 + 59*p - 9. Let l(w) = 11*w**2 + 20*w - 3. Let g(f) = 6*a(f) - 17*l(f). Determine g(14).
-3
Let p(y) be the first derivative of 0 + 4 - 2*y - 2 - 2*y**2. Give p(-3).
10
Let u(n) = n**3 - n**2 + n + 2. Suppose 65 = 2*f + 61. Calculate u(f).
8
Let s(o) = 10*o + o**2 - 15*o + 6*o. Give s(-2).
2
Let f(t) = 4 + t**2 - 11 - 5*t + 0*t. What is f(7)?
7
Let d(a) = 3*a**3 - 4 - 10*a + 3*a**2 + 22*a - 13*a - 2*a**3 + 4*a**2. Suppose 2*i = 7*i + 35. Determine d(i).
3
Let q(l) = -l - 3. Let y = -4 + 10. Let o(c) = 2*c + 5. Let d(m) = y*o(m) + 11*q(m). Calculate d(6).
3
Let u(x) = -5*x + 2. Let d(h) = 2*h - h + h - h. Let y(w) = -4*d(w) - u(w). Suppose 4*a - 3*i - 35 = 0, -3*a + 3*i + i + 35 = 0. Calculate y(a).
3
Let y(l) = 0 - 3*l**2 + 7 - 5. What is y(2)?
-10
Let p(n) = 2*n**3 + n**2 + n. Suppose 0 = 15*t - 14*t + 1. Give p(t).
-2
Let y(p) = 2*p - 1. Suppose 3*f = -2*f. Suppose -3*t + 0*g - 3 = g, -5*g - 15 = f. Let s be (t + -1)/((-2)/4). Give y(s).
3
Let b(a) = -2*a + 3. Suppose -x - 91 + 93 = 0. Determine b(x).
-1
Let a(m) = -m**3 - 3*m**2 - 2*m + 1. Let y(q) be the first derivative of q**4/4 + 5*q**3/3 - 3*q**2 - 3*q - 3. Let x be y(-6). What is a(x)?
7
Suppose -4*z - 36 = 5*o - 15, 2*o + z + 9 = 0. Let q(t) = t**2 + 4*t - 3. What is q(o)?
2
Let d(t) = 0 + 4 - 4*t**2